{"id":2,"date":"2016-01-05T10:55:32","date_gmt":"2016-01-05T10:55:32","guid":{"rendered":"http:\/\/logica.dmi.unisa.it\/sysmics\/?page_id=2"},"modified":"2019-05-20T13:29:31","modified_gmt":"2019-05-20T13:29:31","slug":"participants","status":"publish","type":"page","link":"http:\/\/logica.dipmat.unisa.it\/sysmics\/participants\/","title":{"rendered":"Participants"},"content":{"rendered":"<article id=\"post-1\" class=\"row-fluid post-1 post type-post status-publish format-standard hentry category-news\">\n<section class=\"entry-content \">Here you can find the list of the\u00a0universities involved in the project, as well as a (possibly non-exhaustive) list of researchers involved.<\/section>\n<\/article>\n<section class=\"entry-content \"><\/section>\n<section class=\"entry-content \">\u00a0 \u00a0 \u00a0\u00a0<\/section>\n<section class=\"entry-content \"><\/section>\n<article id=\"post-1\" class=\"row-fluid post-1 post type-post status-publish format-standard hentry category-news\">\n<section class=\"entry-content \">\n<table dir=\"ltr\" style=\"height: 652px;\" border=\"1\" width=\"752\" cellspacing=\"0\" cellpadding=\"0\">\n<colgroup> <\/colgroup>\n<tbody>\n<tr>\n<td data-sheets-value=\"{&quot;1&quot;:2,&quot;2&quot;:&quot;Partner&quot;}\"><strong>Partner<\/strong><\/td>\n<td data-sheets-value=\"{&quot;1&quot;:2,&quot;2&quot;:&quot;Coordinator&quot;}\"><strong>Coordinator<\/strong><\/td>\n<\/tr>\n<tr>\n<td data-sheets-value=\"{&quot;1&quot;:2,&quot;2&quot;:&quot;UNIVERSITA DEGLI STUDI DI SALERNO&quot;}\">UNIVERSITA DEGLI STUDI DI SALERNO<\/td>\n<td data-sheets-value=\"{&quot;1&quot;:2,&quot;2&quot;:&quot;Luca Spada&quot;}\">Luca Spada<\/td>\n<\/tr>\n<tr>\n<td data-sheets-value=\"{&quot;1&quot;:2,&quot;2&quot;:&quot;UNIVERSITA DEGLI STUDI DI CAGLIARI\\u2028&quot;}\">UNIVERSITA DEGLI STUDI DI CAGLIARI<\/td>\n<td data-sheets-value=\"{&quot;1&quot;:2,&quot;2&quot;:&quot;Antonio Ledda&quot;}\">Antonio Ledda<\/td>\n<\/tr>\n<tr>\n<td data-sheets-value=\"{&quot;1&quot;:2,&quot;2&quot;:&quot;UNIVERSITA DEGLI STUDI DI MILANO&quot;}\">UNIVERSITA DEGLI STUDI DI MILANO<\/td>\n<td data-sheets-value=\"{&quot;1&quot;:2,&quot;2&quot;:&quot;Stefano Aguzzoli &quot;}\">Stefano Aguzzoli<\/td>\n<\/tr>\n<tr>\n<td data-sheets-value=\"{&quot;1&quot;:2,&quot;2&quot;:&quot;UNIVERZITA PALACKEHO V OLOMOUCI&quot;}\">UNIVERZITA PALACKEHO V OLOMOUCI<\/td>\n<td data-sheets-value=\"{&quot;1&quot;:2,&quot;2&quot;:&quot;Jan K\\u00fchr&quot;}\">Jan K\u00fchr<\/td>\n<\/tr>\n<tr>\n<td data-sheets-value=\"{&quot;1&quot;:2,&quot;2&quot;:&quot;USTAV INFORMATIKY AV CR VVI&quot;}\">USTAV INFORMATIKY AV CR VVI<\/td>\n<td data-sheets-value=\"{&quot;1&quot;:2,&quot;2&quot;:&quot;Petr Cintula&quot;}\">Petr Cintula<\/td>\n<\/tr>\n<tr>\n<td data-sheets-value=\"{&quot;1&quot;:2,&quot;2&quot;:&quot;USTAV TEORIE INFORMACE A AUTOMATIZACE AV CR, v.v.i.&quot;}\">USTAV TEORIE INFORMACE A AUTOMATIZACE AV CR, v.v.i.<\/td>\n<td data-sheets-value=\"{&quot;1&quot;:2,&quot;2&quot;:&quot;Carles Noguera&quot;}\">Carles Noguera<\/td>\n<\/tr>\n<tr>\n<td data-sheets-value=\"{&quot;1&quot;:2,&quot;2&quot;:&quot;TECHNISCHE UNIVERSITAET WIEN&quot;}\">TECHNISCHE UNIVERSITAET WIEN<\/td>\n<td data-sheets-value=\"{&quot;1&quot;:2,&quot;2&quot;:&quot;Agata Ciabattoni&quot;}\">Agata Ciabattoni<\/td>\n<\/tr>\n<tr>\n<td data-sheets-value=\"{&quot;1&quot;:2,&quot;2&quot;:&quot;AGENCIA ESTATAL CONSEJO SUPERIOR DE INVESTIGACIONES CIENTIFICAS&quot;}\">AGENCIA ESTATAL CONSEJO SUPERIOR DE INVESTIGACIONES CIENTIFICAS<\/td>\n<td data-sheets-value=\"{&quot;1&quot;:2,&quot;2&quot;:&quot;Lluis Godo&quot;}\">Lluis Godo<\/td>\n<\/tr>\n<tr>\n<td data-sheets-value=\"{&quot;1&quot;:2,&quot;2&quot;:&quot;UNIVERSITAT DE BARCELONA&quot;}\">UNIVERSITAT DE BARCELONA<\/td>\n<td data-sheets-value=\"{&quot;1&quot;:2,&quot;2&quot;:&quot;Ramon Jansana&quot;}\">Ramon Jansana<\/td>\n<\/tr>\n<tr>\n<td data-sheets-value=\"{&quot;1&quot;:2,&quot;2&quot;:&quot;UNIVERSITEIT VAN AMSTERDAM&quot;}\">UNIVERSITEIT VAN AMSTERDAM<\/td>\n<td data-sheets-value=\"{&quot;1&quot;:2,&quot;2&quot;:&quot;Nick Bezhanishvili&quot;}\">Nick Bezhanishvili<\/td>\n<\/tr>\n<tr>\n<td data-sheets-value=\"{&quot;1&quot;:2,&quot;2&quot;:&quot;UNIVERSITA DEGLI STUDI DELL'INSUBRIA&quot;}\">UNIVERSITA DEGLI STUDI DELL&#8217;INSUBRIA<\/td>\n<td data-sheets-value=\"{&quot;1&quot;:2,&quot;2&quot;:&quot;Brunella Gerla&quot;}\">Brunella Gerla<\/td>\n<\/tr>\n<tr>\n<td data-sheets-value=\"{&quot;1&quot;:2,&quot;2&quot;:&quot;UNIVERSITAT AUTONOMA DE BARCELONA&quot;}\">UNIVERSITAT AUTONOMA DE BARCELONA<\/td>\n<td data-sheets-value=\"{&quot;1&quot;:2,&quot;2&quot;:&quot;Pilar Dellunde&quot;}\">Pilar Dellunde<\/td>\n<\/tr>\n<tr>\n<td data-sheets-value=\"{&quot;1&quot;:2,&quot;2&quot;:&quot;UNIVERSITAET BERN&quot;}\">UNIVERSITAET BERN<\/td>\n<td data-sheets-value=\"{&quot;1&quot;:2,&quot;2&quot;:&quot;George Metcalfe&quot;}\">George Metcalfe<\/td>\n<\/tr>\n<tr>\n<td data-sheets-value=\"{&quot;1&quot;:2,&quot;2&quot;:&quot;UNIVERSITY OF THE WITWATERSRAND JOHANNESBURG&quot;}\">UNIVERSITY OF THE WITWATERSRAND JOHANNESBURG<\/td>\n<td data-sheets-value=\"{&quot;1&quot;:2,&quot;2&quot;:&quot;Clint van Alten&quot;}\">Clint van Alten<\/td>\n<\/tr>\n<tr>\n<td data-sheets-value=\"{&quot;1&quot;:2,&quot;2&quot;:&quot;CONSEJO NACIONAL DE INVESTIGACIONES CIENTIFICAS Y TECNICAS&quot;}\">CONSEJO NACIONAL DE INVESTIGACIONES CIENTIFICAS Y TECNICAS<\/td>\n<td data-sheets-value=\"{&quot;1&quot;:2,&quot;2&quot;:&quot;Patricio Diaz Varela&quot;}\">Patricio Diaz Varela<\/td>\n<\/tr>\n<tr>\n<td data-sheets-value=\"{&quot;1&quot;:2,&quot;2&quot;:&quot;NEW MEXICO STATE UNIVERSITY&quot;}\">NEW MEXICO STATE UNIVERSITY<\/td>\n<td data-sheets-value=\"{&quot;1&quot;:2,&quot;2&quot;:&quot;Guram Bezhanishvili&quot;}\">Guram Bezhanishvili<\/td>\n<\/tr>\n<tr>\n<td data-sheets-value=\"{&quot;1&quot;:2,&quot;2&quot;:&quot;VANDERBILT UNIVERSITY&quot;}\">VANDERBILT UNIVERSITY<\/td>\n<td data-sheets-value=\"{&quot;1&quot;:2,&quot;2&quot;:&quot;Constantine Tsinakis&quot;}\">Constantine Tsinakis<\/td>\n<\/tr>\n<tr>\n<td data-sheets-value=\"{&quot;1&quot;:2,&quot;2&quot;:&quot;UNIVERSITY OF DENVER COLORADO&quot;}\">UNIVERSITY OF DENVER COLORADO<\/td>\n<td data-sheets-value=\"{&quot;1&quot;:2,&quot;2&quot;:&quot;Nick Galatos&quot;}\">Nick Galatos<\/td>\n<\/tr>\n<tr>\n<td data-sheets-value=\"{&quot;1&quot;:2,&quot;2&quot;:&quot;KYOTO UNIVERSITY&quot;}\">KYOTO UNIVERSITY<\/td>\n<td data-sheets-value=\"{&quot;1&quot;:2,&quot;2&quot;:&quot;Kazushige Terui&quot;}\">Kazushige Terui<\/td>\n<\/tr>\n<tr>\n<td data-sheets-value=\"{&quot;1&quot;:2,&quot;2&quot;:&quot;LA TROBE UNIVERSITY&quot;}\">LA TROBE UNIVERSITY<\/td>\n<td data-sheets-value=\"{&quot;1&quot;:2,&quot;2&quot;:&quot;Tomasz Kowalski&quot;}\">Tomasz Kowalski<\/td>\n<\/tr>\n<tr>\n<td data-sheets-value=\"{&quot;1&quot;:2,&quot;2&quot;:&quot;THE AUSTRALIAN NATIONAL UNIVERSITY&quot;}\">THE AUSTRALIAN NATIONAL UNIVERSITY<\/td>\n<td data-sheets-value=\"{&quot;1&quot;:2,&quot;2&quot;:&quot;Rajeev Gore&quot;}\">Rajeev Gore<\/td>\n<\/tr>\n<tr>\n<td data-sheets-value=\"{&quot;1&quot;:2,&quot;2&quot;:&quot;NANYANG TECHNOLOGICAL UNIVERSITY&quot;}\">NANYANG TECHNOLOGICAL UNIVERSITY<\/td>\n<td data-sheets-value=\"{&quot;1&quot;:2,&quot;2&quot;:&quot;Alwen Fernanto&quot;}\">Alwen Fernanto<\/td>\n<\/tr>\n<tr>\n<td data-sheets-value=\"{&quot;1&quot;:2,&quot;2&quot;:&quot;UNIVERSIDADE ESTADUAL DE CAMPINAS&quot;}\">UNIVERSIDADE ESTADUAL DE CAMPINAS<\/td>\n<td data-sheets-value=\"{&quot;1&quot;:2,&quot;2&quot;:&quot;Walter Carnielli&quot;}\">Walter Carnielli<\/td>\n<\/tr>\n<tr>\n<td data-sheets-value=\"{&quot;1&quot;:2,&quot;2&quot;:&quot;UNIVERSITY OF SYDNEY&quot;}\">UNIVERSITY OF SYDNEY<\/td>\n<td data-sheets-value=\"{&quot;1&quot;:2,&quot;2&quot;:&quot;Walter Carnielli&quot;}\">Nick Smith<\/td>\n<\/tr>\n<tr>\n<td data-sheets-value=\"{&quot;1&quot;:2,&quot;2&quot;:&quot;CHAPMAN UNIVERSITY&quot;}\">CHAPMAN UNIVERSITY<\/td>\n<td data-sheets-value=\"{&quot;1&quot;:2,&quot;2&quot;:&quot;Walter Carnielli&quot;}\">Peter Jipsen<\/td>\n<\/tr>\n<\/tbody>\n<\/table>\n<\/section>\n<\/article>\n<p>&nbsp;<\/p>\n<p><strong>Reseachers involved &#8211;\u00a0<\/strong>a (possibly non-exhaustive) list of them:<\/p>\n<p>Marta Bilkova, Adam Prenosil, Petr Cintula, Carles Noguera, George Metcalfe, Laura Schn\u00fcriger, Almudena Colacito, Nick Bezhanishvili, Yde Venema, Frederik Lauridsen, Julia Ilin, Francesco Paoli, Roberto Giuntini, Stefano Bonzio, Antonio Ledda, Tomask Kowalski, Ricardo Oscar Rodriguez, Sergio Celani, Hern\u00e1n Javier San Mart\u00edn, Jos\u00e9 Patricio D\u00edaz Varela, Diego Casta\u00f1o, Miguel Campercholi, Mat\u00edas Menni, Manuela Busaniche, Jos\u00e9 Luis Castiglioni, Luca Spada, Serafina Lapenta, Antonio Di Nola, Clint van Alten, Alwen Tiu, Revantha Ramanayake, Matthias Baaz, Chris Ferm\u00fcller, Bjoern Lellmann, Francesco Genco, Agata Ciabattoni, Joan Gispert, Tommaso Moraschini, Ramon Jansana, Camillo Fiorentini, Juliana Bueno \u2013Soler, Marcelo Coniglio, Rodolfo Ertola, Walter Carnielli, Pietro Codara, Tommaso Flaminio, Nick Galatos, Rajeev Gore, John Harding, Guram Bezhanishvili, Pat Morandi, Francesc Esteva, Lluis Godo, Gabriele Pulcini, Angel Garcia-Cerdana, Pilar Dellunde, Rodolfo Ertola, Jan K\u00fchr, Michal Botur, Constantine Tsinakis, Tom\u00e1\u0161 L\u00e1vi\u010dka, Amanda Vidal, Zuzana Hanikov\u00e1, Hector Freytes.<\/p>\n","protected":false},"excerpt":{"rendered":"<div class=\"mh-excerpt\"><p>Here you can find the list of the\u00a0universities involved in the project, as well as a (possibly non-exhaustive) list of researchers involved. \u00a0 \u00a0 \u00a0\u00a0 Partner Coordinator UNIVERSITA DEGLI STUDI DI SALERNO Luca Spada UNIVERSITA DEGLI STUDI DI CAGLIARI Antonio Ledda UNIVERSITA DEGLI STUDI DI MILANO Stefano Aguzzoli UNIVERZITA PALACKEHO <a class=\"mh-excerpt-more\" href=\"http:\/\/logica.dipmat.unisa.it\/sysmics\/participants\/\" title=\"Participants\">[read more]<\/a><\/p>\n<\/div>","protected":false},"author":1,"featured_media":21,"parent":0,"menu_order":2,"comment_status":"closed","ping_status":"closed","template":"","meta":[],"_links":{"self":[{"href":"http:\/\/logica.dipmat.unisa.it\/sysmics\/wp-json\/wp\/v2\/pages\/2"}],"collection":[{"href":"http:\/\/logica.dipmat.unisa.it\/sysmics\/wp-json\/wp\/v2\/pages"}],"about":[{"href":"http:\/\/logica.dipmat.unisa.it\/sysmics\/wp-json\/wp\/v2\/types\/page"}],"author":[{"embeddable":true,"href":"http:\/\/logica.dipmat.unisa.it\/sysmics\/wp-json\/wp\/v2\/users\/1"}],"replies":[{"embeddable":true,"href":"http:\/\/logica.dipmat.unisa.it\/sysmics\/wp-json\/wp\/v2\/comments?post=2"}],"version-history":[{"count":13,"href":"http:\/\/logica.dipmat.unisa.it\/sysmics\/wp-json\/wp\/v2\/pages\/2\/revisions"}],"predecessor-version":[{"id":874,"href":"http:\/\/logica.dipmat.unisa.it\/sysmics\/wp-json\/wp\/v2\/pages\/2\/revisions\/874"}],"wp:featuredmedia":[{"embeddable":true,"href":"http:\/\/logica.dipmat.unisa.it\/sysmics\/wp-json\/wp\/v2\/media\/21"}],"wp:attachment":[{"href":"http:\/\/logica.dipmat.unisa.it\/sysmics\/wp-json\/wp\/v2\/media?parent=2"}],"curies":[{"name":"wp","href":"https:\/\/api.w.org\/{rel}","templated":true}]}}